{"id":69,"date":"2023-05-22T15:16:18","date_gmt":"2023-05-22T15:16:18","guid":{"rendered":"http:\/\/akademie-germanica.net\/?page_id=69"},"modified":"2024-09-29T17:44:36","modified_gmt":"2024-09-29T17:44:36","slug":"cursos-de-aleman-2","status":"publish","type":"page","link":"http:\/\/akademie-germanica.net\/inicio\/cursos-de-aleman-2\/","title":{"rendered":"Cursos de alem\u00e1n"},"content":{"rendered":"<figure class=\"wp-block-video\"><video autoplay controls loop src=\"http:\/\/akademie-germanica.net\/wp-content\/uploads\/2024\/06\/A1-Sept-24-Esp-2.mp4\"><\/video><\/figure><p><\/p><figure class=\"wp-block-image size-large\"><img loading=\"lazy\" decoding=\"async\" width=\"1024\" height=\"724\" src=\"http:\/\/akademie-germanica.net\/wp-content\/uploads\/2024\/06\/Neue-Deutschkurse-Juli-2024-1-1024x724.jpg\" alt=\"Deutsch, aleman, german\" class=\"wp-image-263\" srcset=\"http:\/\/akademie-germanica.net\/wp-content\/uploads\/2024\/06\/Neue-Deutschkurse-Juli-2024-1-1024x724.jpg 1024w, http:\/\/akademie-germanica.net\/wp-content\/uploads\/2024\/06\/Neue-Deutschkurse-Juli-2024-1-300x212.jpg 300w, http:\/\/akademie-germanica.net\/wp-content\/uploads\/2024\/06\/Neue-Deutschkurse-Juli-2024-1-768x543.jpg 768w, http:\/\/akademie-germanica.net\/wp-content\/uploads\/2024\/06\/Neue-Deutschkurse-Juli-2024-1-1536x1086.jpg 1536w, http:\/\/akademie-germanica.net\/wp-content\/uploads\/2024\/06\/Neue-Deutschkurse-Juli-2024-1-600x424.jpg 600w, http:\/\/akademie-germanica.net\/wp-content\/uploads\/2024\/06\/Neue-Deutschkurse-Juli-2024-1.jpg 1754w\" sizes=\"(max-width: 1024px) 100vw, 1024px\" \/><\/figure><figure class=\"wp-block-image size-large\"><img loading=\"lazy\" decoding=\"async\" width=\"724\" height=\"1024\" src=\"http:\/\/akademie-germanica.net\/wp-content\/uploads\/2024\/06\/Preise-Deutschkurse-Juli-2024-1-724x1024.jpg\" alt=\"\" class=\"wp-image-264\" srcset=\"http:\/\/akademie-germanica.net\/wp-content\/uploads\/2024\/06\/Preise-Deutschkurse-Juli-2024-1-724x1024.jpg 724w, http:\/\/akademie-germanica.net\/wp-content\/uploads\/2024\/06\/Preise-Deutschkurse-Juli-2024-1-212x300.jpg 212w, http:\/\/akademie-germanica.net\/wp-content\/uploads\/2024\/06\/Preise-Deutschkurse-Juli-2024-1-768x1086.jpg 768w, http:\/\/akademie-germanica.net\/wp-content\/uploads\/2024\/06\/Preise-Deutschkurse-Juli-2024-1-1087x1536.jpg 1087w, http:\/\/akademie-germanica.net\/wp-content\/uploads\/2024\/06\/Preise-Deutschkurse-Juli-2024-1-600x848.jpg 600w, http:\/\/akademie-germanica.net\/wp-content\/uploads\/2024\/06\/Preise-Deutschkurse-Juli-2024-1.jpg 1240w\" sizes=\"(max-width: 724px) 100vw, 724px\" \/><\/figure><h3 class=\"wp-block-heading\"><strong><mark style=\"background-color:rgba(0, 0, 0, 0)\" class=\"has-inline-color has-luminous-vivid-amber-color\">Nos adaptamos a tu disponibilidad!<\/mark><\/strong><\/h3><p>Fomentamos el aprendizaje de alem\u00e1n de manera efectiva y personalizada, adapt\u00e1ndonos a tu disponibilidad de horarios para el curso.<\/p><p>F\u00fcr: Deutsch als Fremdsprache in Frankfurt am Main \u2013 Gruppenkurse \u2013 Akademie Germanica<\/p><p><\/p><p><\/p><p><\/p><p><strong>OFERTA ESPECIAL<\/strong><\/p><p>Cursos de Alem\u00e1n en Frankfurt am Main &#8211; \u00a1Una experiencia \u00fanica!<\/p><p>En Akademie Germanica -Escuela de Alem\u00e1n tenemos como objetivo ayudarte en tu aprendizaje de alem\u00e1n y en tu descubrimiento de la cultura alemana.&nbsp;Para ello ponemos en pr\u00e1ctica un enfoque comunicativo de ense\u00f1anza con unos profesores excepcionalmente cualificados y motivados.<\/p><p>Especialidad de Akademie Germanica:<\/p><p>8 semanas para lograr un nivel del &#8222;Marco Com\u00fan Europeo de Referencia&#8220;.<\/p><p>Nuestros cursos de alem\u00e1n est\u00e1n dise\u00f1ados para desarrollar la competencia comunicativa de nuestros estudiantes, y su capacidad de usar el alem\u00e1n con seguridad y fluidez. A trav\u00e9s de los a\u00f1os de experiencia hemos tenido estudiantes de todo el mundo. Gracias a ellos, tambi\u00e9n nosotros hemos acumulado conocimientos y experiencia.&nbsp;La escuela est\u00e1 pr\u00f3xima a las mejores atracciones sociales, culturales y gastron\u00f3micas de Frankfurt.<\/p><p>&nbsp;<strong><a href=\"http:\/\/www.evolanguage.de\/special-offer.htm\">OFERTA ESPECIAL<\/a><\/strong><\/p><p>Cursos intensivos de alem\u00e1n en grupo en Frankfurt &nbsp;<\/p><ul class=\"wp-block-list\"><li>CURSO INTENSIVO &#8211; 4 semanas &#8211; 80 clases &#8211; 300\u20ac (lunes \u2013 viernes: 5 ma\u00f1anas) &#8211; 1 nivel en 6-8 semanas \u2013 Curso v\u00e1lido para tr\u00e1mite de visa<\/li><\/ul><ul class=\"wp-block-list\"><li>CURSO COMPACTO &nbsp;&#8211; 4&nbsp;semanas &#8211; 32 clases &#8211; 180\u20ac (lunes &#8211; viernes: 4 ma\u00f1anas) &#8211; 1 nivel en 8-12 semanas &#8211; 3 d\u00edas semanales con 4 horas lectivas d\u00edarias 180\u20ac mensuales<\/li>\n\n<li><\/li>\n\n<li>CURSO EST\u00c1NDAR &nbsp;&#8211; 4 semanas &#8211; 24 clases &#8211; 100\u20ac (lunes &#8211; viernes: 3 ma\u00f1anas) &#8211; 1 nivel en 12-16 semanas &#8211; 2 d\u00edas semanales con 4 horas lectivas d\u00edarias: 100 \u20ac mensuales<\/li><\/ul><ul class=\"wp-block-list\"><li>CURSO S\u00c1BADOS &nbsp;&#8211; 4&nbsp;semanas &#8211; 8 horas de 60 minutos &#8211; 70 \u20ac (s\u00e1bados) &#8211; 1 nivel en 12-16 semanas &#8211; 1 d\u00eda semanal con 3 horas lectivas cada s\u00e1bado: 70 \u20ac mensuales<\/li><\/ul><p><strong><a href=\"http:\/\/www.evolanguage.de\/special-offer.htm\">OFERTA ESPECIAL<\/a><\/strong><\/p><p>&nbsp;Ventajas de nuestros cursos de alem\u00e1n:<\/p><ul class=\"wp-block-list\"><li>Nivel A1 en 6-8 semanas!<\/li>\n\n<li>Construcci\u00f3n de un vocabulario m\u00e1s r\u00e1pido<\/li>\n\n<li>Certificado de conocimientos: Pruebas de lo aprendido, ex\u00e1menes!<\/li>\n\n<li>M\u00e9todo comunicativo: Di\u00e1logos sobre situaciones diarias<\/li>\n\n<li>Gram\u00e1tica f\u00e1cil y hecha entendible<\/li>\n\n<li>Certificado reconocido<\/li>\n\n<li>Nosotros le ofrecemos los siguientes cursos de alem\u00e1n en Frankfurt con Akademie Germanica :<\/li><\/ul><p>Cursos intensivos:<\/p><ul class=\"wp-block-list\"><li>Curso de preparaci\u00f3n para los ex\u00e1menes DSH, Test DaF o para el Instituto Goethe \u2013 simulaci\u00f3n de pruebas<\/li>\n\n<li>Curso de alem\u00e1n en grupos peque\u00f1os e internacionales para estudiantes, j\u00f3venes y ni\u00f1os&nbsp;&nbsp;&nbsp;<\/li>\n\n<li>Cursos para enfermeras y doctores<\/li>\n\n<li>Curso de alem\u00e1n en verano&nbsp;<\/li>\n\n<li>Alem\u00e1n como idioma econ\u00f3mico \u2013 entrenamiento para empresas<\/li>\n\n<li>Clases individuales a medida<\/li>\n\n<li>Curso para empresas<\/li><\/ul><p>Cursos de Alem\u00e1n en Frankfurt am Main &#8211; aprender Alem\u00e1n en Alemania con Akademie Germanica !<\/p><h2 class=\"wp-block-heading\">Akademie Germanica &#8211; Vamos-Sprachschule<\/h2><h2 class=\"wp-block-heading\">www.akademie-germanica.net<\/h2><h2 class=\"wp-block-heading\">Am Weingarten 1 (Leipziger Stra\u00dfe)<\/h2><h2 class=\"wp-block-heading\">60487 Frankfurt am Main<\/h2><h2 class=\"wp-block-heading\">Tel.&nbsp; +4969-40038495<\/h2><h2 class=\"wp-block-heading\">Whatsapp: +49 171-3184580<\/h2><h2 class=\"wp-block-heading\">info@akademie-germanica.org<\/h2><figure class=\"wp-block-image size-large is-resized\"><img loading=\"lazy\" decoding=\"async\" width=\"819\" height=\"1024\" src=\"http:\/\/akademie-germanica.net\/wp-content\/uploads\/2023\/05\/312503252_591799566130528_4764059105780577659_n-819x1024.jpg\" alt=\"\" class=\"wp-image-152\" style=\"width:410px;height:512px\" srcset=\"http:\/\/akademie-germanica.net\/wp-content\/uploads\/2023\/05\/312503252_591799566130528_4764059105780577659_n-819x1024.jpg 819w, http:\/\/akademie-germanica.net\/wp-content\/uploads\/2023\/05\/312503252_591799566130528_4764059105780577659_n-240x300.jpg 240w, http:\/\/akademie-germanica.net\/wp-content\/uploads\/2023\/05\/312503252_591799566130528_4764059105780577659_n-768x960.jpg 768w, http:\/\/akademie-germanica.net\/wp-content\/uploads\/2023\/05\/312503252_591799566130528_4764059105780577659_n-1229x1536.jpg 1229w, http:\/\/akademie-germanica.net\/wp-content\/uploads\/2023\/05\/312503252_591799566130528_4764059105780577659_n-600x750.jpg 600w, http:\/\/akademie-germanica.net\/wp-content\/uploads\/2023\/05\/312503252_591799566130528_4764059105780577659_n.jpg 1440w\" sizes=\"(max-width: 819px) 100vw, 819px\" \/><\/figure><figure class=\"wp-block-image size-large\"><img loading=\"lazy\" decoding=\"async\" width=\"1024\" height=\"576\" src=\"http:\/\/akademie-germanica.net\/wp-content\/uploads\/2024\/09\/Curso-de-Aleman-A1-1024x576.png\" alt=\"\" class=\"wp-image-267\" srcset=\"http:\/\/akademie-germanica.net\/wp-content\/uploads\/2024\/09\/Curso-de-Aleman-A1-1024x576.png 1024w, http:\/\/akademie-germanica.net\/wp-content\/uploads\/2024\/09\/Curso-de-Aleman-A1-300x169.png 300w, http:\/\/akademie-germanica.net\/wp-content\/uploads\/2024\/09\/Curso-de-Aleman-A1-768x432.png 768w, http:\/\/akademie-germanica.net\/wp-content\/uploads\/2024\/09\/Curso-de-Aleman-A1-600x338.png 600w, http:\/\/akademie-germanica.net\/wp-content\/uploads\/2024\/09\/Curso-de-Aleman-A1.png 1280w\" sizes=\"(max-width: 1024px) 100vw, 1024px\" \/><\/figure>","protected":false},"excerpt":{"rendered":"<p>Nos adaptamos a tu disponibilidad! Fomentamos el aprendizaje de alem\u00e1n de manera efectiva y personalizada, adapt\u00e1ndonos a tu disponibilidad de horarios para el curso. F\u00fcr: Deutsch als Fremdsprache in Frankfurt am Main \u2013 Gruppenkurse \u2013 Akademie Germanica OFERTA ESPECIAL Cursos de Alem\u00e1n en Frankfurt am Main &#8211; \u00a1Una experiencia \u00fanica! En Akademie Germanica -Escuela de Alem\u00e1n tenemos como objetivo ayudarte en tu aprendizaje de alem\u00e1n y en tu descubrimiento de la cultura alemana.&nbsp;Para ello ponemos en pr\u00e1ctica un enfoque comunicativo de ense\u00f1anza con unos profesores excepcionalmente cualificados y motivados. Especialidad de Akademie Germanica: 8 semanas para lograr un nivel del &#8222;Marco Com\u00fan Europeo de Referencia&#8220;. Nuestros cursos de alem\u00e1n est\u00e1n&hellip; <a class=\"read-more\" href=\"http:\/\/akademie-germanica.net\/inicio\/cursos-de-aleman-2\/\">Read More<\/a><\/p>\n","protected":false},"author":1,"featured_media":15,"parent":0,"menu_order":0,"comment_status":"closed","ping_status":"closed","template":"","meta":{"footnotes":""},"class_list":["post-69","page","type-page","status-publish","has-post-thumbnail","hentry"],"_links":{"self":[{"href":"http:\/\/akademie-germanica.net\/inicio\/wp-json\/wp\/v2\/pages\/69"}],"collection":[{"href":"http:\/\/akademie-germanica.net\/inicio\/wp-json\/wp\/v2\/pages"}],"about":[{"href":"http:\/\/akademie-germanica.net\/inicio\/wp-json\/wp\/v2\/types\/page"}],"author":[{"embeddable":true,"href":"http:\/\/akademie-germanica.net\/inicio\/wp-json\/wp\/v2\/users\/1"}],"replies":[{"embeddable":true,"href":"http:\/\/akademie-germanica.net\/inicio\/wp-json\/wp\/v2\/comments?post=69"}],"version-history":[{"count":16,"href":"http:\/\/akademie-germanica.net\/inicio\/wp-json\/wp\/v2\/pages\/69\/revisions"}],"predecessor-version":[{"id":270,"href":"http:\/\/akademie-germanica.net\/inicio\/wp-json\/wp\/v2\/pages\/69\/revisions\/270"}],"wp:featuredmedia":[{"embeddable":true,"href":"http:\/\/akademie-germanica.net\/inicio\/wp-json\/wp\/v2\/media\/15"}],"wp:attachment":[{"href":"http:\/\/akademie-germanica.net\/inicio\/wp-json\/wp\/v2\/media?parent=69"}],"curies":[{"name":"wp","href":"https:\/\/api.w.org\/{rel}","templated":true}]}}