{"id":43,"date":"2023-05-21T22:34:44","date_gmt":"2023-05-21T22:34:44","guid":{"rendered":"http:\/\/akademie-germanica.net\/?page_id=43"},"modified":"2023-06-12T09:37:03","modified_gmt":"2023-06-12T09:37:03","slug":"unsere-schule","status":"publish","type":"page","link":"http:\/\/akademie-germanica.net\/inicio\/unsere-schule\/","title":{"rendered":"Unsere Schule"},"content":{"rendered":"<p id=\"Deutschkurse-in-Frankfurt\">Lerne Deutsch !!! Deutschland ist nicht nur eines der fortschrittlichsten L\u00e4nder der Welt, sondern es ist auch eines der kulturell und sozial vielf\u00e4ltigsten Zentren Europas.<br><br>Frankfurt liegt eingebettet zwischen Main und Taunus. Diese gr\u00f6\u00dfte Stadt Hessens hat zahlreiche historische Geb\u00e4ude, ausgezeichnet durch ihre sch\u00f6ne Architektur. Zudem ist Frankfurt ein wichtiger Industriestandort, sowie der Sitz vieler Banken und Versicherungsgesellschaften. In dieser geschichtstr\u00e4chtigen aber auch sehr modernen Stadt kann man die deutsche Sprache erlernen und seinen Aufenthalt gleichzeitig sehr gut genie\u00dfen.<br><br>Akademie Germanica bietet sowohl Anf\u00e4nger- als auch Fortgeschrittenenkurse in verschiedenen Niveaus an.<br>Frankfurt am Main ist bekannt und ber\u00fchmt f\u00fcr seine internationalen und aufgeschlossenen Einwohner, mit denen man schnell Kontakt kn\u00fcpfen kann, um die neu erworbenen Deutschkenntnisse in der Praxis anwenden zu k\u00f6nnen. Das Lernen in kleinen Gruppen mit 3-8 Teilnehmern garantiert effektives und schnelles Lernen.<br><\/p><p>Wir unterrichten entsprechend des <strong><a href=\"http:\/\/akademie-germanica.net\/wp-admin\/post.php?post=201&amp;action=edit\">Gemeinsamen Europ\u00e4ischen Referenzrahmens f\u00fcr Sprachen<\/a><\/strong> in sechs Stufen von A1 (Anf\u00e4nger) bis C2 (Experten).<\/p><figure class=\"wp-block-gallery has-nested-images columns-default is-cropped wp-block-gallery-1 is-layout-flex wp-block-gallery-is-layout-flex\"><figure class=\"wp-block-image size-large\"><img loading=\"lazy\" decoding=\"async\" width=\"821\" height=\"1024\" data-id=\"157\" src=\"http:\/\/akademie-germanica.net\/wp-content\/uploads\/2023\/05\/349666736_272410718560317_1000150649270811681_n-821x1024.jpg\" alt=\"\" class=\"wp-image-157\" srcset=\"http:\/\/akademie-germanica.net\/wp-content\/uploads\/2023\/05\/349666736_272410718560317_1000150649270811681_n-821x1024.jpg 821w, http:\/\/akademie-germanica.net\/wp-content\/uploads\/2023\/05\/349666736_272410718560317_1000150649270811681_n-240x300.jpg 240w, http:\/\/akademie-germanica.net\/wp-content\/uploads\/2023\/05\/349666736_272410718560317_1000150649270811681_n-768x958.jpg 768w, http:\/\/akademie-germanica.net\/wp-content\/uploads\/2023\/05\/349666736_272410718560317_1000150649270811681_n-1231x1536.jpg 1231w, http:\/\/akademie-germanica.net\/wp-content\/uploads\/2023\/05\/349666736_272410718560317_1000150649270811681_n-600x749.jpg 600w, http:\/\/akademie-germanica.net\/wp-content\/uploads\/2023\/05\/349666736_272410718560317_1000150649270811681_n.jpg 1440w\" sizes=\"(max-width: 821px) 100vw, 821px\" \/><\/figure>\n\n<figure class=\"wp-block-image size-large\"><img loading=\"lazy\" decoding=\"async\" width=\"1024\" height=\"768\" data-id=\"156\" src=\"http:\/\/akademie-germanica.net\/wp-content\/uploads\/2023\/05\/349346537_799191378240244_550332321240146847_n-1024x768.jpg\" alt=\"\" class=\"wp-image-156\" srcset=\"http:\/\/akademie-germanica.net\/wp-content\/uploads\/2023\/05\/349346537_799191378240244_550332321240146847_n-1024x768.jpg 1024w, http:\/\/akademie-germanica.net\/wp-content\/uploads\/2023\/05\/349346537_799191378240244_550332321240146847_n-300x225.jpg 300w, http:\/\/akademie-germanica.net\/wp-content\/uploads\/2023\/05\/349346537_799191378240244_550332321240146847_n-768x576.jpg 768w, http:\/\/akademie-germanica.net\/wp-content\/uploads\/2023\/05\/349346537_799191378240244_550332321240146847_n-600x450.jpg 600w, http:\/\/akademie-germanica.net\/wp-content\/uploads\/2023\/05\/349346537_799191378240244_550332321240146847_n.jpg 1440w\" sizes=\"(max-width: 1024px) 100vw, 1024px\" \/><\/figure>\n\n<figure class=\"wp-block-image size-large\"><img loading=\"lazy\" decoding=\"async\" width=\"1024\" height=\"890\" data-id=\"155\" src=\"http:\/\/akademie-germanica.net\/wp-content\/uploads\/2023\/05\/348682761_613447664174797_6546154885052083669_n-1024x890.jpg\" alt=\"#Deutschlernen\n#Sprachkurs\n#Vokabeln\n#Grammatik\n#Aussprache\n#Leseverst\u00e4ndnis\n#Schreiben\n#H\u00f6rverst\u00e4ndnis\n#\u00dcbung\n#Fortschritt\n#Sprachkenntnisse\n#DeutschalsZweitsprache\n#Kommunikation\n#Wortschatz\n#Satzbau\n#Redewendungen\n#Kultur\n#Lernmotivation\" class=\"wp-image-155\" srcset=\"http:\/\/akademie-germanica.net\/wp-content\/uploads\/2023\/05\/348682761_613447664174797_6546154885052083669_n-1024x890.jpg 1024w, http:\/\/akademie-germanica.net\/wp-content\/uploads\/2023\/05\/348682761_613447664174797_6546154885052083669_n-300x261.jpg 300w, http:\/\/akademie-germanica.net\/wp-content\/uploads\/2023\/05\/348682761_613447664174797_6546154885052083669_n-768x667.jpg 768w, http:\/\/akademie-germanica.net\/wp-content\/uploads\/2023\/05\/348682761_613447664174797_6546154885052083669_n-600x521.jpg 600w, http:\/\/akademie-germanica.net\/wp-content\/uploads\/2023\/05\/348682761_613447664174797_6546154885052083669_n.jpg 1440w\" sizes=\"(max-width: 1024px) 100vw, 1024px\" \/><\/figure>\n\n<figure class=\"wp-block-image size-large\"><img loading=\"lazy\" decoding=\"async\" width=\"1024\" height=\"768\" data-id=\"153\" src=\"http:\/\/akademie-germanica.net\/wp-content\/uploads\/2023\/05\/312610912_588987643078387_8629574481982441156_n-1024x768.jpg\" alt=\"\" class=\"wp-image-153\" srcset=\"http:\/\/akademie-germanica.net\/wp-content\/uploads\/2023\/05\/312610912_588987643078387_8629574481982441156_n-1024x768.jpg 1024w, http:\/\/akademie-germanica.net\/wp-content\/uploads\/2023\/05\/312610912_588987643078387_8629574481982441156_n-300x225.jpg 300w, http:\/\/akademie-germanica.net\/wp-content\/uploads\/2023\/05\/312610912_588987643078387_8629574481982441156_n-768x576.jpg 768w, http:\/\/akademie-germanica.net\/wp-content\/uploads\/2023\/05\/312610912_588987643078387_8629574481982441156_n-600x450.jpg 600w, http:\/\/akademie-germanica.net\/wp-content\/uploads\/2023\/05\/312610912_588987643078387_8629574481982441156_n.jpg 1440w\" sizes=\"(max-width: 1024px) 100vw, 1024px\" \/><\/figure>\n\n<figure class=\"wp-block-image size-large\"><img loading=\"lazy\" decoding=\"async\" width=\"819\" height=\"1024\" data-id=\"152\" src=\"http:\/\/akademie-germanica.net\/wp-content\/uploads\/2023\/05\/312503252_591799566130528_4764059105780577659_n-819x1024.jpg\" alt=\"\" class=\"wp-image-152\" srcset=\"http:\/\/akademie-germanica.net\/wp-content\/uploads\/2023\/05\/312503252_591799566130528_4764059105780577659_n-819x1024.jpg 819w, http:\/\/akademie-germanica.net\/wp-content\/uploads\/2023\/05\/312503252_591799566130528_4764059105780577659_n-240x300.jpg 240w, http:\/\/akademie-germanica.net\/wp-content\/uploads\/2023\/05\/312503252_591799566130528_4764059105780577659_n-768x960.jpg 768w, http:\/\/akademie-germanica.net\/wp-content\/uploads\/2023\/05\/312503252_591799566130528_4764059105780577659_n-1229x1536.jpg 1229w, http:\/\/akademie-germanica.net\/wp-content\/uploads\/2023\/05\/312503252_591799566130528_4764059105780577659_n-600x750.jpg 600w, http:\/\/akademie-germanica.net\/wp-content\/uploads\/2023\/05\/312503252_591799566130528_4764059105780577659_n.jpg 1440w\" sizes=\"(max-width: 819px) 100vw, 819px\" \/><\/figure>\n\n<figure class=\"wp-block-image size-large\"><img loading=\"lazy\" decoding=\"async\" width=\"824\" height=\"1024\" data-id=\"151\" src=\"http:\/\/akademie-germanica.net\/wp-content\/uploads\/2023\/05\/312193968_592905386019946_4915912315085739294_n-824x1024.jpg\" alt=\"\" class=\"wp-image-151\" srcset=\"http:\/\/akademie-germanica.net\/wp-content\/uploads\/2023\/05\/312193968_592905386019946_4915912315085739294_n-824x1024.jpg 824w, http:\/\/akademie-germanica.net\/wp-content\/uploads\/2023\/05\/312193968_592905386019946_4915912315085739294_n-241x300.jpg 241w, http:\/\/akademie-germanica.net\/wp-content\/uploads\/2023\/05\/312193968_592905386019946_4915912315085739294_n-768x955.jpg 768w, http:\/\/akademie-germanica.net\/wp-content\/uploads\/2023\/05\/312193968_592905386019946_4915912315085739294_n-1236x1536.jpg 1236w, http:\/\/akademie-germanica.net\/wp-content\/uploads\/2023\/05\/312193968_592905386019946_4915912315085739294_n-600x746.jpg 600w, http:\/\/akademie-germanica.net\/wp-content\/uploads\/2023\/05\/312193968_592905386019946_4915912315085739294_n.jpg 1440w\" sizes=\"(max-width: 824px) 100vw, 824px\" \/><\/figure>\n\n<figure class=\"wp-block-image size-large\"><img loading=\"lazy\" decoding=\"async\" width=\"1024\" height=\"768\" data-id=\"150\" src=\"http:\/\/akademie-germanica.net\/wp-content\/uploads\/2023\/05\/311764669_582336453743506_8136947131061344877_n-1024x768.jpg\" alt=\"\" class=\"wp-image-150\" srcset=\"http:\/\/akademie-germanica.net\/wp-content\/uploads\/2023\/05\/311764669_582336453743506_8136947131061344877_n-1024x768.jpg 1024w, http:\/\/akademie-germanica.net\/wp-content\/uploads\/2023\/05\/311764669_582336453743506_8136947131061344877_n-300x225.jpg 300w, http:\/\/akademie-germanica.net\/wp-content\/uploads\/2023\/05\/311764669_582336453743506_8136947131061344877_n-768x576.jpg 768w, http:\/\/akademie-germanica.net\/wp-content\/uploads\/2023\/05\/311764669_582336453743506_8136947131061344877_n-600x450.jpg 600w, http:\/\/akademie-germanica.net\/wp-content\/uploads\/2023\/05\/311764669_582336453743506_8136947131061344877_n.jpg 1280w\" sizes=\"(max-width: 1024px) 100vw, 1024px\" \/><\/figure>\n\n<figure class=\"wp-block-image size-large\"><img loading=\"lazy\" decoding=\"async\" width=\"819\" height=\"1024\" data-id=\"149\" src=\"http:\/\/akademie-germanica.net\/wp-content\/uploads\/2023\/05\/306948924_582553127055172_7176849897013529979_n-819x1024.jpg\" alt=\"Deutschkurse in Frankfurt Cursos de aleman en Frankfurt\" class=\"wp-image-149\" srcset=\"http:\/\/akademie-germanica.net\/wp-content\/uploads\/2023\/05\/306948924_582553127055172_7176849897013529979_n-819x1024.jpg 819w, http:\/\/akademie-germanica.net\/wp-content\/uploads\/2023\/05\/306948924_582553127055172_7176849897013529979_n-240x300.jpg 240w, http:\/\/akademie-germanica.net\/wp-content\/uploads\/2023\/05\/306948924_582553127055172_7176849897013529979_n-768x960.jpg 768w, http:\/\/akademie-germanica.net\/wp-content\/uploads\/2023\/05\/306948924_582553127055172_7176849897013529979_n-1229x1536.jpg 1229w, http:\/\/akademie-germanica.net\/wp-content\/uploads\/2023\/05\/306948924_582553127055172_7176849897013529979_n-600x750.jpg 600w, http:\/\/akademie-germanica.net\/wp-content\/uploads\/2023\/05\/306948924_582553127055172_7176849897013529979_n.jpg 1440w\" sizes=\"(max-width: 819px) 100vw, 819px\" \/><\/figure><\/figure><p><\/p><h2 class=\"wp-block-heading\">Impressum:<\/h2><h2 class=\"wp-block-heading\">Angaben gem\u00e4\u00df \u00a7 5 TMG<\/h2><p>Francisco Hernandez Akademie Germanica<br>Am Weingarten 1<\/p><p>60487 Frankfurt am Main<\/p><h2 class=\"wp-block-heading\">Kontakt<\/h2><p>Telefon: 069-40038495<br>Telefax: 069-40038498<br>E-Mail: info@akademie-germanica.org<\/p><h2 class=\"wp-block-heading\">Redaktionell verantwortlich<\/h2><p>Francisco Hernandez Akademie Germanica<br>Am Weingarten 1<\/p><p>60487 Frankfurt am Main<\/p><h2 class=\"wp-block-heading\">EU-Streitschlichtung<\/h2><p>Die Europ\u00e4ische Kommission stellt eine Plattform zur Online-Streitbeilegung (OS) bereit: <a href=\"https:\/\/ec.europa.eu\/consumers\/odr\/\" target=\"_blank\" rel=\"noreferrer noopener\">https:\/\/ec.europa.eu\/consumers\/odr\/<\/a>.<br>Unsere E-Mail-Adresse finden Sie oben im Impressum.<\/p><h2 class=\"wp-block-heading\">Verbraucher\u00adstreit\u00adbeilegung\/Universal\u00adschlichtungs\u00adstelle<\/h2><p>Wir sind nicht bereit oder verpflichtet, an Streitbeilegungsverfahren vor einer Verbraucherschlichtungsstelle teilzunehmen.<a href=\"http:\/\/akademie-germanica.net\/wp-admin\/post.php?post=52&amp;action=edit\">Edit<\/a><\/p><h2 class=\"wp-block-heading\"><\/h2><h2 class=\"wp-block-heading\">Lernen Sie Deutsch in Frankfurt<\/h2><p>&#8222;Willkommen bei unseren Deutschsprachkursen &#8211; Entdecke die Welt der deutschen Sprache!<\/p><p>M\u00f6chtest du die deutsche Sprache erlernen und in einer globalisierten Welt neue M\u00f6glichkeiten er\u00f6ffnen? Dann bist du bei uns genau richtig! Unsere Deutschsprachkurse bieten dir eine erstklassige Bildungserfahrung, um flie\u00dfend Deutsch zu sprechen und dich in der deutschen Kultur zurechtzufinden.<\/p><p>Warum solltest du dich f\u00fcr unsere Deutschsprachkurse entscheiden? Hier sind nur einige der Gr\u00fcnde:<\/p><ol class=\"wp-block-list\"><li>Qualifizierte und erfahrene Lehrkr\u00e4fte: Unsere Lehrerinnen und Lehrer sind Muttersprachler und verf\u00fcgen \u00fcber umfangreiche Erfahrung im Unterrichten von Deutsch als Fremdsprache. Sie sind leidenschaftlich daran interessiert, dir dabei zu helfen, die deutsche Sprache zu meistern und dein Selbstvertrauen beim Sprechen aufzubauen.<\/li>\n\n<li>Individuelle Betreuung: Wir legen gro\u00dfen Wert darauf, dass du deine Ziele erreichst. Daher halten wir unsere Klassengr\u00f6\u00dfen bewusst klein, um eine individuelle Betreuung und eine effektive Lernumgebung zu gew\u00e4hrleisten. Du wirst gen\u00fcgend Gelegenheit haben, deine Fragen zu stellen und deine Sprachf\u00e4higkeiten zu verbessern.<\/li>\n\n<li>Flexibilit\u00e4t und Vielfalt: Egal, ob du ein absoluter Anf\u00e4nger bist oder bereits \u00fcber fortgeschrittene Deutschkenntnisse verf\u00fcgst, wir bieten Kurse auf verschiedenen Niveaustufen an. Du kannst den Kurs w\u00e4hlen, der am besten zu deinem aktuellen Sprachniveau und deinen individuellen Bed\u00fcrfnissen passt.<\/li>\n\n<li>Interaktive Lernmethoden: Langweilige Grammatikregeln auswendig lernen war gestern! Unsere Deutschsprachkurse setzen auf interaktive Lernmethoden, die das Sprechen, H\u00f6ren, Lesen und Schreiben aktiv einbeziehen. Du wirst die Sprache durch praktische \u00dcbungen, Rollenspiele und reale Kommunikationssituationen spielerisch erlernen.<\/li>\n\n<li>Kulturelle Erfahrungen: Unsere Deutschsprachkurse erm\u00f6glichen es dir, nicht nur die Sprache, sondern auch die deutsche Kultur kennenzulernen. Von traditionellen Festivals bis hin zu kulturellen Ausfl\u00fcgen bieten wir dir die M\u00f6glichkeit, in die faszinierende Welt Deutschlands einzutauchen.<\/li><\/ol><p>Jetzt ist der perfekte Zeitpunkt, um deine Deutschkenntnisse zu verbessern und neue T\u00fcren zu \u00f6ffnen! Melde dich noch heute f\u00fcr unsere Deutschsprachkurse an und tauche in die Welt der deutschen Sprache ein. Wir freuen uns darauf, dich auf dieser aufregenden Reise zu begleiten!&#8220;<\/p><p><\/p>","protected":false},"excerpt":{"rendered":"<p>Lerne Deutsch !!! Deutschland ist nicht nur eines der fortschrittlichsten L\u00e4nder der Welt, sondern es ist auch eines der kulturell und sozial vielf\u00e4ltigsten Zentren Europas. Frankfurt liegt eingebettet zwischen Main und Taunus. Diese gr\u00f6\u00dfte Stadt Hessens hat zahlreiche historische Geb\u00e4ude, ausgezeichnet durch ihre sch\u00f6ne Architektur. Zudem ist Frankfurt ein wichtiger Industriestandort, sowie der Sitz vieler Banken und Versicherungsgesellschaften. In dieser geschichtstr\u00e4chtigen aber auch sehr modernen Stadt kann man die deutsche Sprache erlernen und seinen Aufenthalt gleichzeitig sehr gut genie\u00dfen. Akademie Germanica bietet sowohl Anf\u00e4nger- als auch Fortgeschrittenenkurse in verschiedenen Niveaus an.Frankfurt am Main ist bekannt und ber\u00fchmt f\u00fcr seine internationalen und aufgeschlossenen Einwohner, mit denen man schnell Kontakt kn\u00fcpfen kann,&hellip; <a class=\"read-more\" href=\"http:\/\/akademie-germanica.net\/inicio\/unsere-schule\/\">Read More<\/a><\/p>\n","protected":false},"author":1,"featured_media":149,"parent":0,"menu_order":0,"comment_status":"closed","ping_status":"closed","template":"","meta":{"footnotes":""},"class_list":["post-43","page","type-page","status-publish","has-post-thumbnail","hentry"],"_links":{"self":[{"href":"http:\/\/akademie-germanica.net\/inicio\/wp-json\/wp\/v2\/pages\/43"}],"collection":[{"href":"http:\/\/akademie-germanica.net\/inicio\/wp-json\/wp\/v2\/pages"}],"about":[{"href":"http:\/\/akademie-germanica.net\/inicio\/wp-json\/wp\/v2\/types\/page"}],"author":[{"embeddable":true,"href":"http:\/\/akademie-germanica.net\/inicio\/wp-json\/wp\/v2\/users\/1"}],"replies":[{"embeddable":true,"href":"http:\/\/akademie-germanica.net\/inicio\/wp-json\/wp\/v2\/comments?post=43"}],"version-history":[{"count":10,"href":"http:\/\/akademie-germanica.net\/inicio\/wp-json\/wp\/v2\/pages\/43\/revisions"}],"predecessor-version":[{"id":243,"href":"http:\/\/akademie-germanica.net\/inicio\/wp-json\/wp\/v2\/pages\/43\/revisions\/243"}],"wp:featuredmedia":[{"embeddable":true,"href":"http:\/\/akademie-germanica.net\/inicio\/wp-json\/wp\/v2\/media\/149"}],"wp:attachment":[{"href":"http:\/\/akademie-germanica.net\/inicio\/wp-json\/wp\/v2\/media?parent=43"}],"curies":[{"name":"wp","href":"https:\/\/api.w.org\/{rel}","templated":true}]}}